at is 189 - 3?
186
In base 2, what is 1000101011 - 1?
1000101010
In base 13, what is 5cc - 3?
5c9
In base 4, what is 103 + -22212?
-22103
In base 9, what is 215 + 3?
218
In base 13, what is 4 + -b1?
-aa
In base 3, what is 10 - -2120?
2200
In base 7, what is -55 - 32?
-120
In base 10, what is -82 - -2?
-80
In base 16, what is b63 - 5?
b5e
In base 15, what is -321 + b?
-315
In base 2, what is 1111 + 11011?
101010
In base 5, what is 31312 + -2?
31310
In base 7, what is -13 + 103?
60
In base 14, what is 1b - -d?
2a
In base 2, what is 1010 + -100111001?
-100101111
In base 7, what is 3 - -20?
23
In base 2, what is 1011101100 + 100?
1011110000
In base 15, what is -7 - 8d?
-95
In base 16, what is -1 - 451?
-452
In base 7, what is 1 + -3142?
-3141
In base 13, what is -8 - 0?
-8
In base 12, what is -541 - 3?
-544
In base 14, what is 12d1 - -5?
12d6
In base 4, what is -11 - -1103022?
1103011
In base 16, what is -13 + -17?
-2a
In base 14, what is 3 + -1608?
-1605
In base 16, what is -93d + 0?
-93d
In base 5, what is 1434 - 1?
1433
In base 15, what is -4c5 + 0?
-4c5
In base 7, what is -31014 - 4?
-31021
In base 14, what is -d + 99?
8a
In base 10, what is 2155 + -5?
2150
In base 8, what is -3614 + 6?
-3606
In base 10, what is 29 + -432?
-403
In base 16, what is 4 - -2fc?
300
In base 8, what is -15 + 4?
-11
In base 11, what is 654 + -2?
652
In base 7, what is -2 + 525?
523
In base 3, what is 1 + -1201?
-1200
In base 7, what is -43 + -1?
-44
In base 16, what is 5990 - -5?
5995
In base 10, what is -4 + 592?
588
In base 10, what is -96 - 1?
-97
In base 9, what is -66 + -4?
-71
In base 10, what is 5 - -89?
94
In base 3, what is 111020 - -1?
111021
In base 7, what is 4022 + -1?
4021
In base 11, what is -2144 + -4?
-2148
In base 5, what is -10 - 401?
-411
In base 4, what is 301 - -10?
311
In base 8, what is -552 - 0?
-552
In base 6, what is -234 - -1?
-233
In base 14, what is 77 - 66?
11
In base 13, what is -20b - -1?
-20a
In base 15, what is -283 + 4?
-27e
In base 9, what is 3 - 242?
-238
In base 16, what is 6c + -3?
69
In base 4, what is 113 + 20?
133
In base 5, what is 41031 + 4?
41040
In base 6, what is 2 + -120?
-114
In base 16, what is -6a - 0?
-6a
In base 11, what is -478 + -4?
-481
In base 14, what is 443 + -12?
431
In base 10, what is 1 - -21?
22
In base 7, what is 11 + -1440?
-1426
In base 14, what is -c - -3?
-9
In base 6, what is 2 + -12?
-10
In base 16, what is -b5c + -b?
-b67
In base 8, what is -1 + 542?
541
In base 9, what is -7523 + 1?
-7522
In base 15, what is -117 + 4?
-113
In base 15, what is -d - 26?
-34
In base 2, what is -101111000101 + -101?
-101111001010
In base 8, what is 320 - 41?
257
In base 6, what is -20114 - -1?
-20113
In base 4, what is -1 - 103123?
-103130
In base 13, what is 1a3 + 80?
253
In base 7, what is 24 - -23?
50
In base 3, what is 2 + -2211?
-2202
In base 15, what is 92 - -1?
93
In base 5, what is 0 - 430?
-430
In base 14, what is 5 + -1b?
-16
In base 2, what is 11000000001100 + 101?
11000000010001
In base 15, what is -1 - 12?
-13
In base 6, what is -14 - -245?
231
In base 12, what is 91 - 3?
8a
In base 10, what is 546 - 1?
545
In base 10, what is 28 - 33?
-5
In base 4, what is -131 + -3113?
-3310
In base 10, what is -14 + 26?
12
In base 9, what is 711 - -4?
715
In base 9, what is 64 - -25?
100
In base 11, what is -10a + -4?
-113
In base 5, what is 2 + 1023?
1030
In base 2, what is 111101 - -10001000?
11000101
In base 7, what is -2 - 1325?
-1330
In base 10, what is 4 + 260?
264
In base 9, what is 24 + 248?
273
In base 10, what is -291 - -20?
-271
In base 13, what is -120 + 1?
-11c
In base 5, what is 1221 + 3?
1224
In base 2, what is -10000110110011 + 10?
-10000110110001
In base 13, what is 0 + 320?
320
In base 4, what is 3232 + 10?
3302
In base 9, what is 4 + 31?
35
In base 8, what is 67 + 17?
106
In base 9, what is 123 + 26?
150
In base 3, what is -1 - 121212?
-121220
In base 5, what is -12214 - -3?
-12211
In base 3, what is 12 - -210000?
210012
In base 5, what is -11420 - 23?
-11443
In base 11, what is -26 - 108?
-133
In base 2, what is 1001100001 - 11?
1001011110
In base 9, what is -2 + -1582?
-1584
In base 14, what is 58 + -1?
57
In base 12, what is -5 + 31?
28
In base 13, what is 9 - -20?
29
In base 15, what is -2 + -78?
-7a
In base 6, what is -41 + 1?
-40
In base 7, what is 3 - 62?
-56
In base 14, what is 19d8 + -3?
19d5
In base 11, what is 548 - 5?
543
In base 9, what is -3 + 641?
637
In base 14, what is 0 + -3a2?
-3a2
In base 13, what is 13 - -9?
1c
In base 12, what is -163 - 0?
-163
In base 5, what is 113 - -104?
222
In base 7, what is 2 - -24460?
24462
In base 7, what is 10 + 12?
22
In base 8, what is -1 + -162?
-163
In base 10, what is -121 + -153?
-274
In base 16, what is 83 - -8?
8b
In base 9, what is 5 + -84?
-78
In base 4, what is -13 - 100?
-113
In base 4, what is 101113 - 12?
101101
In base 3, what is 112 - 10?
102
In base 4, what is 13 - -33001?
33020
In base 8, what is 2 - 626?
-624
In base 6, what is -322 - 4?
-330
In base 7, what is -1 - 104?
-105
In base 13, what is 9126 - -4?
912a
In base 11, what is -46 - 3?
-49
In base 8, what is -5 - -114?
107
In base 16, what is 1116 + 5?
111b
In base 4, what is -1 - 11203?
-11210
In base 6, what is -5155 - 0?
-5155
In base 5, what is 112 - -113?
230
In base 10, what is 630 - -1?
631
In base 7, what is -200 + -2?
-202
In base 13, what is 18 - -c?
27
In base 4, what is -2 + 10320?
10312
In base 5, what is -4 - 4403?
-4412
In base 6, what is 2 - -412?
414
In base 13, what is -13 - -10?
-3
In base 4, what is -2 - 303?
-311
In base 14, what is -5 - -b8?
b3
In base 5, what is 1243 - -30?
1323
In base 3, what is -1010012 + 10?
-1010002
In base 10, what is -1241 + 3?
-1238
In base 11, what is -5 - -6?
1
In base 11, what is 5 + -183?
-179
In base 10, what is -8 + 2?
-6
In base 7, what is -3 - 4360?
-4363
In base 7, what is 3 - 413?
-410
In base 10, what is -35 - -16?
-19
In base 5, what is -142 - -3?
-134
In base 10, what is -2 + -32?
-34
In base 8, what is 16 - 11?
5
In base 5, what is -31313 + 33?
-31230
In base 2, what is 1010011111100111 - -101?
1010011111101100
In base 13, what is 2917 + 5?
291c
In base 11, what is 8 + a?
17
In base 8, what is 40 - -122?
162
In base 16, what is c9a - 6?
c94
In base 4, what is -101132 - -2?
-101130
In base 2, what is -1011111001011 + 1?
-1011111001010
In base 3, what is -111 - 101010?
-101121
In base 11, what is 13 - 21?
-9
In base 3, what is 101200 - 0?
101200
In base 2, what is 11 - 100011010111?
-100011010100
In base 11, what is 53 + -1?
52
In base 9, what is 3 + 88?
102
In base 14, what is 5 - -b74?
b79
In base 11, what is 26 - 34?
-9
In base 12, what is -3 - -1?
-2
In base 16, what is 39b + -4?
397
In base 2, what is 0 - 11010?
-11010
In base 4, what is -1130 - -23?
-1101
In base 14, what is cc + -5?
c7
In base 12, what is 3 + 486?
489
In base 15, what is 12 + 40?
52
In base 13, what is -3 - -548?
545
In base 9, what is 148 + -3?
145
In base 5, what is 1 - -240?
241
In base 16, what is 36b + -2?
369
In base 9, what is -1784 + -5?
-1800
In base 11, what is -7 - a?
-16
In base 4, what is -1 + 102332?
102331
In base 3, what is 212112 - 2?
212110
In base 3, what is 2002020 - 11?
2002002
In base 10, what is -3 - 989?
-992
In base 10, what is 173 - -57?
230
In base 5, what is 1 - 12333?
-12332
In base 2, what is -1010111 + -11111?
-1110110
In base 6, what is -412 + 22?
-350
In base 16, what is 5d9 + 2?
5db
In base 16, what is 12 + 5?
17
In base 13, what is 3b9 - -1?
3ba
In base 5, what is -4 + -4033?
-4042
In base 11, what is -30 + a?
-21
In base 6, what is 20 - 13?
3
In base 14, what is -433 - 5?
-438
In base 13, what is -3 + 83?
80
In base 6, what is 2104 + 3?
2111
In base 2, what is 1 - 111111111?
-111111110
In base 7, what is 215 + -26?
156
In base 6, what is 3353 - 5?
3344
In base 12, what is 3 - 47?
-44
In base 11, what is 5 - 895?
-890
In base 5, what is -4 - 133?
-142
In base 3, what is 2 - -100021?
100100
In base 11, what is 47 + 6?
52
In base 5, what is -114 + -110?
-224
In base 16, what is -5 + 31e?
319
In base 14, what is 1 + 255?
256
In base 16, what is -64a - 2?
-64c
In base 11, what is -1a3 + -5?
-1a8
In base 3, what is 112 + 1102?
1221
In base 7, what is 0 + -330?
-330
In base 6, what is 0 + -2321?
-2321
In base 7,